03
Let c(o) = -o**3 + 10*o - 5*o + 13*o**2 + 0*o - 4*o - 10. Let z be c(13). Suppose 5*q + 2*p = 309, 3*q - 181 = 4*p - z*p. What are the prime factors of q?
61
Let s = -346 - -374. Suppose -4*d = s*x - 27*x - 2572, d = -3*x + 632. List the prime factors of d.
2, 7, 23
Let t = 4158 - -387. List the prime factors of t.
3, 5, 101
Let x(y) = 4*y**2 - 5*y + 8. Let w be x(6). Suppose -191 = 3*f - 5*p, 2*f + w = -0*f + 2*p. Let s = 45 - f. List the prime factors of s.
2, 3, 17
Let f(o) = -116*o + 1. Let h be f(-2). Let c = h - 25. Suppose -2*g + c = 2*g. List the prime factors of g.
2, 13
Let q(g) = g + 3. Let x be q(-1). Let f(n) = 0*n**x + 4 + n**2 - 2*n + 0*n. List the prime factors of f(-4).
2, 7
Let w(v) = -7*v**3 + 3*v**2 + 5*v - 5. Let u be (-3)/21 + (-243)/63. What are the prime factors of w(u)?
3, 157
Let z be ((-51)/(-21) - 3) + 7416/(-56). Let y be (54 + 6)*(-42)/8. Let w = z - y. List the prime factors of w.
2, 7, 13
Let d = -5 - -7. Let w be -12*(-20)/42 - d/(-7). Suppose 376 = -2*y + w*y. What are the prime factors of y?
2, 47
Let h(b) = -2*b**2 - 21*b + 65. Let k be h(-13). Suppose k*g + 1466 = g - 2*u, -5*u = -3*g + 4396. What are the prime factors of g?
2, 17, 43
Let f(u) = -u**2 - 6*u + 104. Let i be (-12)/28 - 3*(-2)/14. List the prime factors of f(i).
2, 13
Suppose -72*r + 3549012 + 676956 = 0. List the prime factors of r.
2, 29347
Suppose -g = 5*m - 700, m - 4*m + 12 = 0. Let n = g + -224. What are the prime factors of n?
2, 3, 19
Let k(h) = -8005*h + 1558. What are the prime factors of k(-4)?
2, 103, 163
Let n = 143 - -77. Suppose 2*v + 3*v = n. Let i = v + -28. What are the prime factors of i?
2
Suppose 5*l = 2*p + 140, 0 = 4*p - 5*p + 5. Suppose -9*r = -21 + l. What are the prime factors of ((-1)/r)/((-13)/(-3120))?
2, 3, 5
Suppose g - 4113 = -3*f + 4*g, -12355 = -9*f + g. What are the prime factors of f?
1373
Let j = 2097 - -5236. What are the prime factors of j?
7333
Let t(c) = 35*c + 149. Let w be (3 + (-8 - 3) + 0)*-2. What are the prime factors of t(w)?
709
Let u = 17826 + -15485. What are the prime factors of u?
2341
Let c(w) = -w**3 + 3*w**2 + 8*w - 5. Let l be c(5). Let s be (1786/30)/(-19) - (-4)/30. What are the prime factors of 1/((l/40)/s)?
2
Suppose 2898 = l - 5*u, -117*u + 14340 = 5*l - 112*u. What are the prime factors of l?
13, 17
Let v = -94 + 94. Let q = v - 0. Suppose -t - 5 = q, 2*t = 4*k - k - 352. What are the prime factors of k?
2, 3, 19
Suppose 4*v - 5297 = d, -3*v + 13*d + 3974 = 11*d. What are the prime factors of v?
2, 331
Suppose 564 = -5*n + 3*z, 383 + 163 = -5*n - 3*z. Let g = -79 - n. Suppose 0 = -4*t - g + 184. What are the prime factors of t?
2, 19
Let i(s) = -1417*s**3 - 4*s**2 + 102*s + 210. What are the prime factors of i(-2)?
2, 7, 809
Let z(n) = 2*n**2 + 58*n - 65. Let u(i) = -6*i**2 - 172*i + 194. Let p(j) = 3*u(j) + 8*z(j). List the prime factors of p(-27).
2
Let y(f) = -3*f**2 + 22*f - 12. Let v be y(6). Suppose 58 = -v*q + 13*q. What are the prime factors of q?
2, 29
Let b = -264 - -283. Suppose b*k - 1230 = 9*k. What are the prime factors of k?
3, 41
Suppose -346*d + 92351 + 145128 = -335*d. What are the prime factors of d?
21589
List the prime factors of (-30)/120*13256/6*-39.
13, 1657
Suppose -7 = -2*h + 263. Suppose -h*t = -125*t - 1550. List the prime factors of t.
5, 31
List the prime factors of 4552 + 2 - (1 - 9)*1.
2, 2281
Suppose 458344 = 94*f + 8*f - 1140710. List the prime factors of f.
61, 257
Let i(j) = -18*j + 100. Let m be i(-10). Suppose -3*v + 4*v = 4. Suppose -v*n = 4*u - 12 - 276, 2*u - m = -4*n. What are the prime factors of n?
2, 17
Let h(a) = 157*a**3 - 3*a**2 + 8*a - 7. Let v = -481 - -483. List the prime factors of h(v).
7, 179
Let m = -15 - -12. Let o = m - -7. List the prime factors of 2/((-10)/(-225)) + o.
7
Suppose 5*o - 5*f - 385 = 0, 0 = -o + 5*o + f - 303. Let w = o + 94. Suppose 0 = 5*q + 3*i - w, -i + 76 = 3*q - 30. What are the prime factors of q?
37
List the prime factors of 5/3*(1 + (-28082)/(-10)).
2, 2341
Suppose 0 = -12*i - 0*i + 42060. Suppose 0 = -5*g - 0*l + l + i, 3*g - 2101 = l. List the prime factors of g.
2, 3, 13
Let j be (-4)/6 + 0 - (-70)/15. Suppose 2*m - 4*w - 837 = -3*m, -j*m + 2*w = -666. Suppose -5*y = 4*u + 24 - 435, -2*y + m = u. List the prime factors of y.
83
Let i(n) = 5*n + 19. Let a be i(-4). What are the prime factors of -8 - (6 + 560)/a?
2, 3, 31
Let h = 41972 - -12410. List the prime factors of h.
2, 27191
Let m(b) = -783*b - 2402. What are the prime factors of m(-45)?
32833
Let q be (4 - -1113)*(0 + 1) + -1. Suppose 3*d = 3*k + k - q, 0 = -d - 4. List the prime factors of k.
2, 3, 23
Let o be -214 - (26/4 - 44/88). Let y = 297 + o. What are the prime factors of y?
7, 11
Let j be (44/8 - 2)*2. Suppose -j*h - 378 = -2*h + a, 5*a - 10 = 0. Let b = 89 + h. What are the prime factors of b?
13
Suppose 73 = -12*m + 109. What are the prime factors of (0 - -346) + m + -8 + 7?
2, 3, 29
Suppose 2*m - 3*t + 1 = -1, 10 = -3*m + t. Let f(x) = 32*x**2 - x - 1. List the prime factors of f(m).
5, 103
Let h be 14 - (4 - 2/1). Let j(y) = -535 - 541 + y**2 - 524 + y + 6*y + 1625. What are the prime factors of j(h)?
11, 23
Let s = 36555 + -24977. What are the prime factors of s?
2, 7, 827
Let a(x) = -8836*x - 109. What are the prime factors of a(-3)?
26399
Let l(d) = -57*d + 63. Suppose -34*m = 538 - 130. List the prime factors of l(m).
3, 83
Suppose 668 = 4*i + 4*v - 480, 5 = -v. Let l = 965 + -372. Let m = l - i. What are the prime factors of m?
7, 43
Let u(p) = -262*p - 44. Let g = 346 + -352. What are the prime factors of u(g)?
2, 191
Suppose -c + 2*x + 1 = -x, 0 = -3*x - 3. Let u(o) = 100*o**2 + 2*o - 6. List the prime factors of u(c).
2, 3, 5, 13
Suppose 4*t - 16110 = 3*m, -320*m = t - 323*m - 4023. List the prime factors of t.
3, 17, 79
Let r(q) = q**3 + 5*q**2 - 2*q + 28. Suppose -3*l - 34 = -5*k, -4*l + 9 = 5*k - 4. List the prime factors of r(k).
2, 67
Suppose -718 = 3*l + 1577. Let m = l + 2224. What are the prime factors of m?
1459
Let a be 2 + 3/(-2) - 3/(-2). Suppose -a*d + 430 = -5*b, -553 = -4*d + 3*b + 335. What are the prime factors of d?
3, 5
Suppose -7*i - 35 = -11*i - 5*s, -s + 3 = 0. Suppose 5*r - 5*j = 3230, -i*r + 34*j = 38*j - 3275. What are the prime factors of r?
3, 7, 31
Suppose -35*a + 81444 = -13*a. What are the prime factors of a?
2, 3, 617
Let h = -36 - -40. Suppose -a - 3*a = 2*q - 1796, -2*q = h. Suppose -a = 2*o - 8*o. List the prime factors of o.
3, 5
Let y be (-17)/(-34) + (-38)/4. Let z(l) = -13*l - 2 - 10*l + 9*l + 1. What are the prime factors of z(y)?
5
Suppose -14 - 6 = -s. Suppose 3*f = -0*r + 5*r - 37, -5*f = s. What are the prime factors of 139 + (-5)/(r + 0)?
2, 3, 23
Let u(t) = 1898*t - 670. What are the prime factors of u(6)?
2, 23, 233
Let b = 121 + -118. Suppose -3*w = -3*f + 60, 17 = -w + b*f + f. List the prime factors of 132/((1/2)/((-14)/w)).
2, 11
Suppose 10*n = 14*n - 20. Suppose -2*z = -3*w + 36 + 31, 0 = n*z + 10. Suppose 20*m = w*m - 230. What are the prime factors of m?
2, 5, 23
Let z = 25033 - -1437. List the prime factors of z.
2, 5, 2647
Let n(u) = 5*u**2 + 33*u + 149. Let g(o) = o**2 + o - 1. Let w(j) = -2*g(j) + n(j). What are the prime factors of w(-15)?
19
Suppose 8*p - 5291 = 10077. What are the prime factors of p?
17, 113
Suppose -9*z + 58 = 49. List the prime factors of 2*z*12750/68.
3, 5
Let b be (15/30)/(1*(-1)/(-12)). Let w be (1 - (10 + -6))*(-206)/b. Suppose -10 = i - w. What are the prime factors of i?
3, 31
Let p be ((-26)/(-143))/(1/11). Suppose 0 = 5*k - r - 2985, k + p*k = 5*r + 1813. List the prime factors of k.
2, 149
Suppose 4*g - 5*a + 22 + 12 = 0, -10 = -5*a. Let z be -5*(38/(-399) + (-1041)/315). Let c = g + z. List the prime factors of c.
11
Let i = -7329 + 12210. List the prime factors of i.
3, 1627
Let h(y) = -468*y - 6. Let j = 368 + -369. List the prime factors of h(j).
2, 3, 7, 11
List the prime factors of 10/(-80) - 51485/(-40).
3, 11, 13
Let p = -203 - -258. Suppose p*o - 40*o = 2025. List the prime factors of o.
3, 5
Suppose -3*o - 10 = -4*i + 8, -5*i + 9 = 3*o. Suppose -v - i*v - 3720 = -2*w, 5635 = 3*w + 5*v. List the prime factors of w.
2, 5, 11, 17
Let q(k) = 0*k**2 + 10*k**2 + 9*k + 20 + 7 + 23*k**2 - 19*k. What are the prime factors of q